 number?
True
Is 2234809 a prime number?
True
Is 12271451 a composite number?
False
Is 73683989 composite?
False
Is 117667117 a prime number?
True
Is 287778651 prime?
False
Is 6029929 a composite number?
True
Is 45435307 a prime number?
True
Is 1899613 a composite number?
True
Is 6216697 a composite number?
False
Is 340002277 a prime number?
False
Is 4061429 prime?
True
Is 109435595 a composite number?
True
Is 4625923 a composite number?
True
Is 487231 composite?
True
Is 33202297 prime?
False
Is 254653463 a prime number?
True
Is 99234337 a prime number?
False
Is 5949877 a prime number?
True
Is 77192803 a composite number?
False
Is 4278517 a prime number?
False
Is 3707161 prime?
True
Is 153377413 a composite number?
True
Is 6019627 prime?
True
Is 36047929 a prime number?
True
Is 828367 a prime number?
False
Is 84336163 a prime number?
True
Is 253019831 a composite number?
False
Is 129658561 a prime number?
True
Is 13638881 composite?
False
Is 44992757 a prime number?
True
Is 2055917 prime?
True
Is 106856621 composite?
False
Is 887674 prime?
False
Is 4946867 a composite number?
True
Is 164805821 a composite number?
True
Is 473199 a prime number?
False
Is 2725127 a composite number?
False
Is 216847889 prime?
True
Is 9274007 a composite number?
True
Is 5984773 a prime number?
True
Is 12179 a prime number?
False
Is 378169334 a prime number?
False
Is 584899823 composite?
True
Is 171844609 a prime number?
False
Is 8459837 a composite number?
True
Is 1352200511 composite?
False
Is 26228329 a composite number?
False
Is 128640689 composite?
True
Is 15356557 a prime number?
True
Is 3779 prime?
True
Is 4494247 a prime number?
True
Is 345681229 a composite number?
True
Is 9701987 composite?
True
Is 3324929 composite?
False
Is 30697166 prime?
False
Is 25837673 prime?
True
Is 14876333 composite?
True
Is 10690363 a prime number?
True
Is 482155379 a prime number?
True
Is 2773097 composite?
False
Is 34770481 a composite number?
False
Is 1795943 a composite number?
True
Is 7057951 prime?
True
Is 334233687 composite?
True
Is 143707301 a prime number?
True
Is 162797501 composite?
False
Is 8831231 a prime number?
False
Is 7515461 composite?
False
Is 492153 a composite number?
True
Is 159452159 a prime number?
False
Is 191111803 a composite number?
False
Is 70435051 composite?
False
Is 71775517 a prime number?
False
Is 4606871 prime?
True
Is 3823499 prime?
False
Is 288674915 a prime number?
False
Is 2042257 prime?
False
Is 1690727 a prime number?
True
Is 242967 composite?
True
Is 99782887 a composite number?
False
Is 2679581 prime?
False
Is 1832819 composite?
False
Is 280937 a prime number?
False
Is 144354377 prime?
True
Is 6144415 prime?
False
Is 688717 prime?
True
Is 989557 prime?
True
Is 902912189 composite?
True
Is 455305667 a composite number?
False
Is 98536681 a prime number?
True
Is 166140557 prime?
False
Is 45434413 a composite number?
False
Is 24739514 a composite number?
True
Is 560569 a prime number?
False
Is 271834481 composite?
True
Is 7755941 prime?
False
Is 217616681 prime?
True
Is 10356781 prime?
False
Is 33846773 prime?
True
Is 3100577 a prime number?
False
Is 203689319 prime?
False
Is 3395159 composite?
False
Is 2694533 a composite number?
False
Is 1931999 a prime number?
False
Is 168221 prime?
False
Is 250340887 composite?
False
Is 12928039 a prime number?
False
Is 38847043 composite?
False
Is 143874677 a prime number?
True
Is 36966203 composite?
True
Is 147130337 prime?
True
Is 46879895 prime?
False
Is 11323667 a composite number?
True
Is 45159197 a composite number?
False
Is 368131 a composite number?
True
Is 7783859 a composite number?
True
Is 1162839 a prime number?
False
Is 9975049 composite?
True
Is 287624321 composite?
True
Is 8015467 prime?
False
Is 16449527 a prime number?
True
Is 9433327 prime?
False
Is 33201647 composite?
True
Is 2411483 prime?
False
Is 6342069 a prime number?
False
Is 1431277 a prime number?
True
Is 20292949 a composite number?
True
Is 445651249 a prime number?
False
Is 23850327 composite?
True
Is 1042427 a prime number?
True
Is 42969077 a prime number?
True
Is 553867 a prime number?
True
Is 14597083 a prime number?
False
Is 3128657 composite?
True
Is 249985067 composite?
False
Is 203379619 composite?
True
Is 2244139 prime?
True
Is 10188109 a prime number?
False
Is 2629187 a prime number?
False
Is 61910257 a prime number?
True
Is 119928541 a composite number?
False
Is 11938207 prime?
True
Is 250269 a prime number?
False
Is 4144159 composite?
False
Is 4813807 prime?
False
Is 99864379 prime?
True
Is 17987819 composite?
True
Is 868865 composite?
True
Is 24417517 a prime number?
False
Is 463003 a composite number?
False
Is 9012379 a prime number?
False
Is 3685550317 composite?
False
Is 23365747 prime?
True
Is 1824943 a prime number?
True
Is 9628765 composite?
True
Is 60718039 a composite number?
True
Is 463322 a prime number?
False
Is 105698101 composite?
False
Is 80897 composite?
False
Is 178681463 a composite number?
False
Is 14384131 composite?
True
Is 2171159 prime?
True
Is 1079123 a composite number?
False
Is 54324653 prime?
True
Is 9994289 a composite number?
False
Is 112276951 composite?
True
Is 8974049 composite?
True
Is 125331851 prime?
True
Is 4962547 prime?
False
Is 5089 a composite number?
True
Is 1177419 prime?
False
Is 3272723 prime?
True
Is 156930359 prime?
False
Is 575733443 prime?
False
Is 80567 prime?
True
Is 209243 a composite number?
True
Is 66358613 composite?
False
Is 1644887 composite?
True
Is 436577077 a prime number?
True
Is 4748647 a prime number?
True
Is 3649291 prime?
False
Is 38150953 a prime number?
True
Is 7308031 a prime number?
True
Is 5471859 prime?
False
Is 26303803 prime?
False
Is 298323629 composite?
False
Is 552217 a composite number?
False
Is 5754431 composite?
False
Is 58505543 composite?
True
Is 6732541 a prime number?
True
Is 232091 prime?
True
Is 794215 composite?
True
Is 6054526 composite?
True
Is 1322530327 prime?
True
Is 77896729 prime?
False
Is 15134599 a composite number?
False
Is 675345799 a composite number?
True
Is 3060287 prime?
True
Is 1724969 a composite number?
False
Is 592541 composite?
True
Is 409991149 composite?
False
Is 34155223 composite?
False
Is 155721703 prime?
False
Is 14414467 a prime number?
False
Is 385472509 composite?
False
Is 80126503 a prime number?
False
Is 24673801 prime?
True
Is 38198801 prime?
False
Is 12861029 a composite number?
False
Is 198203399 a composite number?
False
Is 19198369 composite?
False
Is 51579793 a prime number?
True
Is 490709 a composite number?
True
Is 2147731 a composite number?
False
Is 1752781 composite?
False
Is 28562761 a prime number?
True
Is 1813121 composite?
False
Is 4648003 prime?
True
Is 4137397 a composite number?
True
Is 14238221 a composite number?
False
Is 7943849 prime?
False
Is 22505489 a composite number?
False
Is 7180309 prime?
False
Is 5498149 a prime number?
True
Is 2388871 a prime number?
True
Is 119845279 a prime number?
False
Is 1503233 a composite number?
False
Is 30379001 a prime number?
True
Is 33208147 a prime number?
False
Is 21247 composite?
False
Is 39919303 composite?
False
Is 5101721 prime?
False
Is 9378749 prime?
True
Is 38530843 prime?
False
Is 743513 a prime number?
False
Is 50969699 a prime number?
False
Is 6347249 prime?
False
Is 2080321 a prime number?
True
Is 15259303 a prime number?
False
Is 4734437 prime?
False
Is 20156369 prime?
True
Is 20972255 composite?
True
Is 27350167 a prime number?
False
Is 996412439 prime?
False
Is 485 composite?
True
Is 287312479 prime?
False
Is 995563 a composite number?
True
Is 9693869 a prime number?
False
Is 4144027 composite?
True
Is 6478723 a prime number?
True
Is 4437007 prime?
True
Is 90151429 a composite number?
False
Is 74794547 a composite number?
True
Is 21831353 a prime number?
True
Is 13219541 prime?
False
Is 125273399 a prime number?
True
Is 1813349 composite?
True
Is 22047699 prime?
False
Is 755473 a composite number?
False
Is 3817811 a composite number?
False
Is 17003771 a composite number?
False
Is 17900633 composite?
True
Is 9112709 a composite number?
False
Is 33475061 composite?
False
Is 95520979 composite?
True
Is 8748377 a prime number?
False
Is 6806761 a prime number?
False
Is 16365553 a composite number?
False
Is 2918021 composite